{"id":2724,"date":"2024-07-28T08:13:52","date_gmt":"2024-07-28T13:13:52","guid":{"rendered":"https:\/\/embauche-internationale.ca\/employe\/?page_id=2724"},"modified":"2024-07-28T08:14:15","modified_gmt":"2024-07-28T13:14:15","slug":"politique-de-confidentialite-2","status":"publish","type":"page","link":"https:\/\/embauche-internationale.ca\/employe\/politique-de-confidentialite-2\/","title":{"rendered":"Politique de confidentialit\u00e9"},"content":{"rendered":"\t\t<div data-elementor-type=\"wp-page\" data-elementor-id=\"2724\" class=\"elementor elementor-2724\" data-elementor-post-type=\"page\">\n\t\t\t\t<div class=\"elementor-element elementor-element-16aaabe e-flex e-con-boxed e-con e-parent\" data-id=\"16aaabe\" data-element_type=\"container\">\n\t\t\t\t\t<div class=\"e-con-inner\">\n\t\t\t\t<div class=\"elementor-element elementor-element-46a1f32 elementor-widget elementor-widget-text-editor\" data-id=\"46a1f32\" data-element_type=\"widget\" data-widget_type=\"text-editor.default\">\n\t\t\t\t<div class=\"elementor-widget-container\">\n\t\t\t<style>\/*! elementor - v3.22.0 - 26-06-2024 *\/\n.elementor-widget-text-editor.elementor-drop-cap-view-stacked .elementor-drop-cap{background-color:#69727d;color:#fff}.elementor-widget-text-editor.elementor-drop-cap-view-framed .elementor-drop-cap{color:#69727d;border:3px solid;background-color:transparent}.elementor-widget-text-editor:not(.elementor-drop-cap-view-default) .elementor-drop-cap{margin-top:8px}.elementor-widget-text-editor:not(.elementor-drop-cap-view-default) .elementor-drop-cap-letter{width:1em;height:1em}.elementor-widget-text-editor .elementor-drop-cap{float:left;text-align:center;line-height:1;font-size:50px}.elementor-widget-text-editor .elementor-drop-cap-letter{display:inline-block}<\/style>\t\t\t\t<h2>Politique de Confidentialit\u00e9 pour Embauche Internationale<\/h2><h3>Introduction<\/h3><p>Bienvenue sur le site d\u2019Embauche Internationale (<a href=\"http:\/\/www.embauche-internationale.ca\/\" target=\"_new\" rel=\"noreferrer\">www.embauche-internationale.ca<\/a>). Nous sommes une agence de recrutement sp\u00e9cialis\u00e9e dans la mise en relation des candidats internationaux avec les employeurs canadiens. La protection de vos donn\u00e9es personnelles est notre priorit\u00e9. Cette politique de confidentialit\u00e9 d\u00e9crit comment nous collectons, utilisons et prot\u00e9geons vos informations personnelles.<\/p><h3>Collecte des Informations Personnelles<\/h3><p>Nous recueillons des informations personnelles lorsque vous utilisez notre site web ou nos services. Ces informations peuvent inclure, mais ne sont pas limit\u00e9es \u00e0 :<\/p><ul><li>Nom<\/li><li>Adresse e-mail<\/li><li>Num\u00e9ro de t\u00e9l\u00e9phone<\/li><li>CV et informations professionnelles<\/li><li>Historique de travail<\/li><li>Qualifications et certifications<\/li><li>Informations sur les r\u00e9f\u00e9rences professionnelles<\/li><\/ul><h3>Utilisation des Informations Personnelles<\/h3><p>Les informations personnelles collect\u00e9es sont utilis\u00e9es pour :<\/p><ul><li>Faciliter le processus de recrutement et de mise en relation avec les employeurs<\/li><li>Communiquer avec vous concernant les opportunit\u00e9s d\u2019emploi et les mises \u00e0 jour sur votre candidature<\/li><li>Am\u00e9liorer nos services et adapter notre offre \u00e0 vos besoins<\/li><li>Effectuer des v\u00e9rifications de r\u00e9f\u00e9rences et d\u2019ant\u00e9c\u00e9dents professionnels<\/li><\/ul><h3>Partage des Informations Personnelles<\/h3><p>Nous ne partageons vos informations personnelles qu\u2019avec votre consentement ou lorsque cela est n\u00e9cessaire pour fournir nos services, y compris :<\/p><ul><li>Partage avec des employeurs potentiels<\/li><li>Partage avec des prestataires de services tiers pour l\u2019ex\u00e9cution de t\u00e2ches sp\u00e9cifiques li\u00e9es \u00e0 notre activit\u00e9 (ex. : v\u00e9rification des ant\u00e9c\u00e9dents)<\/li><li>Conformit\u00e9 avec les exigences l\u00e9gales et r\u00e9glementaires<\/li><\/ul><h3>S\u00e9curit\u00e9 des Donn\u00e9es<\/h3><p>Nous prenons des mesures de s\u00e9curit\u00e9 appropri\u00e9es pour prot\u00e9ger vos informations personnelles contre l\u2019acc\u00e8s non autoris\u00e9, la divulgation, la modification ou la destruction. Ces mesures comprennent des protocoles de s\u00e9curit\u00e9 techniques et organisationnels, notamment le cryptage des donn\u00e9es et des pare-feux.<\/p><h3>Conservation des Donn\u00e9es<\/h3><p>Nous conservons vos informations personnelles aussi longtemps que n\u00e9cessaire pour atteindre les objectifs pour lesquels elles ont \u00e9t\u00e9 collect\u00e9es, ou pour respecter les exigences l\u00e9gales ou r\u00e9glementaires.<\/p><h3>Vos Droits<\/h3><p>Vous avez le droit de :<\/p><ul><li>Corriger ou mettre \u00e0 jour vos informations<\/li><li>Demander la suppression de vos informations personnelles<\/li><li>Vous opposer au traitement de vos informations personnelles<\/li><li>Retirer votre consentement au traitement de vos informations personnelles, le cas \u00e9ch\u00e9ant<\/li><\/ul><p>Pour exercer ces droits, veuillez nous contacter \u00e0 l\u2019adresse e-mail suivante :\u00a0<span style=\"color: #ffd936;\">contact@embauche-internationale.ca<\/span><\/p><h3>Modifications de cette Politique<\/h3><p>Nous pouvons mettre \u00e0 jour cette politique de confidentialit\u00e9 de temps \u00e0 autre. Nous vous encourageons \u00e0 consulter r\u00e9guli\u00e8rement cette page pour prendre connaissance des modifications \u00e9ventuelles.<\/p><h3>Contact<\/h3><p>Si vous avez des questions ou des pr\u00e9occupations concernant cette politique de confidentialit\u00e9, veuillez nous contacter \u00e0 :<\/p><p>Embauche Internationale<br \/>Adresse :\u00a0268 Rue Seigneuriale Qu\u00e9bec QC, G1C 3P8\u00a0<br \/>E-mail :\u00a0<span style=\"color: #ffd936;\">contact@embauche-internationale.ca<\/span><br \/>T\u00e9l\u00e9phone : +1\u00a0(418) 809-0233<\/p>\t\t\t\t\t\t<\/div>\n\t\t\t\t<\/div>\n\t\t\t\t\t<\/div>\n\t\t\t\t<\/div>\n\t\t\t\t<\/div>\n\t\t","protected":false},"excerpt":{"rendered":"<p>Politique de Confidentialit\u00e9 pour Embauche Internationale Introduction Bienvenue sur le site d\u2019Embauche Internationale (www.embauche-internationale.ca). Nous sommes une agence de recrutement sp\u00e9cialis\u00e9e dans la mise en relation des candidats internationaux avec les employeurs canadiens. La protection de vos donn\u00e9es personnelles est notre priorit\u00e9. Cette politique de confidentialit\u00e9 d\u00e9crit comment nous collectons, utilisons et prot\u00e9geons vos informations &hellip;<\/p>\n<p class=\"read-more\"> <a class=\"\" href=\"https:\/\/embauche-internationale.ca\/employe\/politique-de-confidentialite-2\/\"> <span class=\"screen-reader-text\">Politique de confidentialit\u00e9<\/span> Lire la suite\u00a0\u00bb<\/a><\/p>\n","protected":false},"author":3,"featured_media":0,"parent":0,"menu_order":0,"comment_status":"closed","ping_status":"closed","template":"","meta":{"site-sidebar-layout":"no-sidebar","site-content-layout":"page-builder","ast-site-content-layout":"full-width-container","site-content-style":"default","site-sidebar-style":"default","ast-global-header-display":"","ast-banner-title-visibility":"","ast-main-header-display":"","ast-hfb-above-header-display":"","ast-hfb-below-header-display":"","ast-hfb-mobile-header-display":"","site-post-title":"disabled","ast-breadcrumbs-content":"","ast-featured-img":"disabled","footer-sml-layout":"","theme-transparent-header-meta":"","adv-header-id-meta":"","stick-header-meta":"","header-above-stick-meta":"","header-main-stick-meta":"","header-below-stick-meta":"","astra-migrate-meta-layouts":"","ast-page-background-enabled":"default","ast-page-background-meta":{"desktop":{"background-color":"var(--ast-global-color-4)","background-image":"","background-repeat":"repeat","background-position":"center center","background-size":"auto","background-attachment":"scroll","background-type":"","background-media":"","overlay-type":"","overlay-color":"","overlay-gradient":""},"tablet":{"background-color":"","background-image":"","background-repeat":"repeat","background-position":"center center","background-size":"auto","background-attachment":"scroll","background-type":"","background-media":"","overlay-type":"","overlay-color":"","overlay-gradient":""},"mobile":{"background-color":"","background-image":"","background-repeat":"repeat","background-position":"center center","background-size":"auto","background-attachment":"scroll","background-type":"","background-media":"","overlay-type":"","overlay-color":"","overlay-gradient":""}},"ast-content-background-meta":{"desktop":{"background-color":"var(--ast-global-color-5)","background-image":"","background-repeat":"repeat","background-position":"center center","background-size":"auto","background-attachment":"scroll","background-type":"","background-media":"","overlay-type":"","overlay-color":"","overlay-gradient":""},"tablet":{"background-color":"var(--ast-global-color-5)","background-image":"","background-repeat":"repeat","background-position":"center center","background-size":"auto","background-attachment":"scroll","background-type":"","background-media":"","overlay-type":"","overlay-color":"","overlay-gradient":""},"mobile":{"background-color":"var(--ast-global-color-5)","background-image":"","background-repeat":"repeat","background-position":"center center","background-size":"auto","background-attachment":"scroll","background-type":"","background-media":"","overlay-type":"","overlay-color":"","overlay-gradient":""}},"footnotes":""},"class_list":["post-2724","page","type-page","status-publish","hentry"],"_links":{"self":[{"href":"https:\/\/embauche-internationale.ca\/employe\/wp-json\/wp\/v2\/pages\/2724","targetHints":{"allow":["GET"]}}],"collection":[{"href":"https:\/\/embauche-internationale.ca\/employe\/wp-json\/wp\/v2\/pages"}],"about":[{"href":"https:\/\/embauche-internationale.ca\/employe\/wp-json\/wp\/v2\/types\/page"}],"author":[{"embeddable":true,"href":"https:\/\/embauche-internationale.ca\/employe\/wp-json\/wp\/v2\/users\/3"}],"replies":[{"embeddable":true,"href":"https:\/\/embauche-internationale.ca\/employe\/wp-json\/wp\/v2\/comments?post=2724"}],"version-history":[{"count":3,"href":"https:\/\/embauche-internationale.ca\/employe\/wp-json\/wp\/v2\/pages\/2724\/revisions"}],"predecessor-version":[{"id":2727,"href":"https:\/\/embauche-internationale.ca\/employe\/wp-json\/wp\/v2\/pages\/2724\/revisions\/2727"}],"wp:attachment":[{"href":"https:\/\/embauche-internationale.ca\/employe\/wp-json\/wp\/v2\/media?parent=2724"}],"curies":[{"name":"wp","href":"https:\/\/api.w.org\/{rel}","templated":true}]}}